{"id":333,"date":"2014-02-06T15:50:50","date_gmt":"2014-02-06T14:50:50","guid":{"rendered":"http:\/\/countryclubaixois.com\/tennis-club\/?page_id=333"},"modified":"2023-05-25T08:07:55","modified_gmt":"2023-05-25T07:07:55","slug":"les-archives-2","status":"publish","type":"page","link":"https:\/\/countryclubaixois.com\/tennis-club\/presse\/les-archives-2\/","title":{"rendered":"Les Archives"},"content":{"rendered":"<ul>\n<li>Raquette Spaghetti :<\/li>\n<\/ul>\n<p style=\"text-align: center;\">&lt;iframe width=\u00a0\u00bb560&Prime; height=\u00a0\u00bb315&Prime; src=\u00a0\u00bbhttps:\/\/www.youtube.com\/embed\/3e0oBcgF5qw\u00a0\u00bb frameborder=\u00a0\u00bb0&Prime; allowfullscreen&gt;&lt;\/iframe&gt;<\/p>\n<p style=\"text-align: center;\">Article paru dans Tennis Magasine de Novembre 2016<a href=\"https:\/\/countryclubaixois.com\/tennis-club\/wp-content\/uploads\/2014\/02\/Raquette-spaghetti-1977-art.-TM-nov.jpg\"><img fetchpriority=\"high\" decoding=\"async\" class=\"aligncenter size-full wp-image-2322\" src=\"https:\/\/countryclubaixois.com\/tennis-club\/wp-content\/uploads\/2014\/02\/Raquette-spaghetti-1977-art.-TM-nov.jpg\" alt=\"Raquette-spaghetti-(1977)---art.-TM-nov\" width=\"599\" height=\"800\" srcset=\"https:\/\/countryclubaixois.com\/tennis-club\/wp-content\/uploads\/2014\/02\/Raquette-spaghetti-1977-art.-TM-nov.jpg 599w, https:\/\/countryclubaixois.com\/tennis-club\/wp-content\/uploads\/2014\/02\/Raquette-spaghetti-1977-art.-TM-nov-225x300.jpg 225w\" sizes=\"(max-width: 599px) 100vw, 599px\" \/><\/a><\/p>\n<ul>\n<li>Article paru dans Sport Sant\u00e9 concernant\u00a0Marc et Alain VERPEAUX: <strong><a href=\"https:\/\/countryclubaixois.com\/tennis-club\/wp-content\/uploads\/2014\/02\/20160420111412.pdf\">Lien<\/a><\/strong><\/li>\n<\/ul>\n<ul>\n<li>Un ancien adh\u00e9rent du club, \u00e9crivain, s\u2019est inspir\u00e9 du cadre du country pour pour y faire se d\u00e9rouler une \u00e9nigme polici\u00e8re.<\/li>\n<\/ul>\n<table align=\"center\">\n<thead>\n<tr id=\"\" dir=\"\" lang=\"\" align=\"center\" valign=\"middle\" bgcolor=\"\">\n<td><img decoding=\"async\" class=\"ngg-singlepic ngg-none aligncenter\" src=\"https:\/\/countryclubaixois.com\/tennis-club\/wp-content\/gallery\/archives\/thumbs\/thumbs_20130629092921.jpg\" alt=\"20130629092921\" \/><\/td>\n<td><img decoding=\"async\" class=\"ngg-singlepic ngg-none aligncenter\" src=\"https:\/\/countryclubaixois.com\/tennis-club\/wp-content\/gallery\/archives\/thumbs\/thumbs_20130629092328-1024x723.jpg\" alt=\"20130629092328-1024x723\" \/><\/td>\n<td><img decoding=\"async\" class=\"ngg-singlepic ngg-none aligncenter\" src=\"https:\/\/countryclubaixois.com\/tennis-club\/wp-content\/gallery\/archives\/thumbs\/thumbs_20130629092743-1024x724.jpg\" alt=\"20130629092743-1024x724\" width=\"200\" height=\"150\" \/><\/td>\n<\/tr>\n<\/thead>\n<\/table>\n<ul>\n<li>La Provence le 11\/03\/2010 \u00ab\u00a0Le country, la star est avant tout le Club\u00a0\u00bb<\/li>\n<\/ul>\n<p><a title=\"\" href=\"https:\/\/countryclubaixois.com\/tennis-club\/wp-content\/gallery\/archives\/20130328173317.jpg\"><img decoding=\"async\" class=\"ngg-singlepic ngg-center aligncenter\" src=\"https:\/\/countryclubaixois.com\/tennis-club\/wp-content\/gallery\/archives\/thumbs\/thumbs_20130328173317.jpg\" alt=\"20130328173317\" \/><\/a><\/p>\n<ul>\n<li>La Provence le 05\/03\/2010 \u00ab Article sur \u00ab\u00a0les Raquettes\u00a0Spaghetti\u00a0\u00bb<\/li>\n<\/ul>\n<p style=\"text-align: center;\"><a title=\"\" href=\"https:\/\/countryclubaixois.com\/tennis-club\/wp-content\/gallery\/archives\/20130328173220_0.jpg\"><img decoding=\"async\" src=\"https:\/\/countryclubaixois.com\/tennis-club\/wp-content\/gallery\/archives\/thumbs\/thumbs_20130328173220_0.jpg\" alt=\"20130328173220_0\" \/><\/a><\/p>\n<ul>\n<li>Les enfants de la Terre<\/li>\n<\/ul>\n<p><a title=\"\" href=\"https:\/\/countryclubaixois.com\/tennis-club\/wp-content\/gallery\/archives\/affiche.jpg\"><img decoding=\"async\" class=\"ngg-singlepic ngg-center aligncenter\" src=\"https:\/\/countryclubaixois.com\/tennis-club\/wp-content\/gallery\/archives\/thumbs\/thumbs_affiche.jpg\" alt=\"affiche\" \/><\/a><\/p>\n","protected":false},"excerpt":{"rendered":"<p> \tRaquette Spaghetti :<\/p>\n<p>&lt;iframe width=\u00a0\u00bb560&Prime; height=\u00a0\u00bb315&Prime; src=\u00a0\u00bbhttps:\/\/www.youtube.com\/embed\/3e0oBcgF5qw\u00a0\u00bb frameborder=\u00a0\u00bb0&Prime; allowfullscreen&gt;&lt;\/iframe&gt;<br \/>\nArticle paru dans Tennis Magasine de Novembre 2016<\/p>\n<p> \tArticle paru dans Sport Sant\u00e9 concernant\u00a0Marc et Alain VERPEAUX: Lien<\/p>\n<p> \tUn ancien adh\u00e9rent du  [&#8230;]<\/p>\n","protected":false},"author":1,"featured_media":0,"parent":15,"menu_order":0,"comment_status":"open","ping_status":"closed","template":"","meta":{"_acf_changed":false,"footnotes":""},"categories":[],"tags":[19],"class_list":["post-333","page","type-page","status-publish","hentry","tag-les-archives-du-country-club","count-0","even alt","author-admin_avaelys","last"],"acf":[],"yoast_head":"<!-- This site is optimized with the Yoast SEO plugin v17.2 - https:\/\/yoast.com\/wordpress\/plugins\/seo\/ -->\n<title>Les Archives du Country Club d&#039;Aix en Provence<\/title>\n<meta name=\"description\" content=\"Les Archives du Country Club d&#039;Aix en Provence\" \/>\n<meta name=\"robots\" content=\"index, follow, max-snippet:-1, max-image-preview:large, max-video-preview:-1\" \/>\n<link rel=\"canonical\" href=\"https:\/\/countryclubaixois.com\/tennis-club\/presse\/les-archives-2\/\" \/>\n<meta property=\"og:locale\" content=\"fr_FR\" \/>\n<meta property=\"og:type\" content=\"article\" \/>\n<meta property=\"og:title\" content=\"Les Archives du Country Club d&#039;Aix en Provence\" \/>\n<meta property=\"og:description\" content=\"Les Archives du Country Club d&#039;Aix en Provence\" \/>\n<meta property=\"og:url\" content=\"https:\/\/countryclubaixois.com\/tennis-club\/presse\/les-archives-2\/\" \/>\n<meta property=\"og:site_name\" content=\"Country Club Aixois\" \/>\n<meta property=\"article:publisher\" content=\"https:\/\/www.facebook.com\/p\/Country-Club-Aixois-100063807272380\/?locale=fr_FR\" \/>\n<meta property=\"article:modified_time\" content=\"2023-05-25T07:07:55+00:00\" \/>\n<meta property=\"og:image\" content=\"http:\/\/countryclubaixois.com\/tennis-club\/wp-content\/uploads\/2014\/02\/Raquette-spaghetti-1977-art.-TM-nov.jpg\" \/>\n<meta name=\"twitter:card\" content=\"summary_large_image\" \/>\n<script type=\"application\/ld+json\" class=\"yoast-schema-graph\">{\"@context\":\"https:\/\/schema.org\",\"@graph\":[{\"@type\":\"Organization\",\"@id\":\"https:\/\/countryclubaixois.com\/tennis-club\/#organization\",\"name\":\"Country Club Aixois\",\"url\":\"https:\/\/countryclubaixois.com\/tennis-club\/\",\"sameAs\":[\"https:\/\/www.facebook.com\/p\/Country-Club-Aixois-100063807272380\/?locale=fr_FR\"],\"logo\":{\"@type\":\"ImageObject\",\"@id\":\"https:\/\/countryclubaixois.com\/tennis-club\/#logo\",\"inLanguage\":\"fr-FR\",\"url\":\"https:\/\/countryclubaixois.com\/tennis-club\/wp-content\/uploads\/2025\/02\/logo_new.png\",\"contentUrl\":\"https:\/\/countryclubaixois.com\/tennis-club\/wp-content\/uploads\/2025\/02\/logo_new.png\",\"width\":150,\"height\":184,\"caption\":\"Country Club Aixois\"},\"image\":{\"@id\":\"https:\/\/countryclubaixois.com\/tennis-club\/#logo\"}},{\"@type\":\"WebSite\",\"@id\":\"https:\/\/countryclubaixois.com\/tennis-club\/#website\",\"url\":\"https:\/\/countryclubaixois.com\/tennis-club\/\",\"name\":\"Country Club Aixois\",\"description\":\"Club de Tennis \\u00e0 Aix en Provence qui compte plus de 850 licenci\\u00e9s, le club de r\\u00e9f\\u00e9rence du tennis en France.\",\"publisher\":{\"@id\":\"https:\/\/countryclubaixois.com\/tennis-club\/#organization\"},\"potentialAction\":[{\"@type\":\"SearchAction\",\"target\":{\"@type\":\"EntryPoint\",\"urlTemplate\":\"https:\/\/countryclubaixois.com\/tennis-club\/?s={search_term_string}\"},\"query-input\":\"required name=search_term_string\"}],\"inLanguage\":\"fr-FR\"},{\"@type\":\"ImageObject\",\"@id\":\"https:\/\/countryclubaixois.com\/tennis-club\/presse\/les-archives-2\/#primaryimage\",\"inLanguage\":\"fr-FR\",\"url\":\"http:\/\/countryclubaixois.com\/tennis-club\/wp-content\/uploads\/2014\/02\/Raquette-spaghetti-1977-art.-TM-nov.jpg\",\"contentUrl\":\"http:\/\/countryclubaixois.com\/tennis-club\/wp-content\/uploads\/2014\/02\/Raquette-spaghetti-1977-art.-TM-nov.jpg\"},{\"@type\":\"WebPage\",\"@id\":\"https:\/\/countryclubaixois.com\/tennis-club\/presse\/les-archives-2\/#webpage\",\"url\":\"https:\/\/countryclubaixois.com\/tennis-club\/presse\/les-archives-2\/\",\"name\":\"Les Archives du Country Club d'Aix en Provence\",\"isPartOf\":{\"@id\":\"https:\/\/countryclubaixois.com\/tennis-club\/#website\"},\"primaryImageOfPage\":{\"@id\":\"https:\/\/countryclubaixois.com\/tennis-club\/presse\/les-archives-2\/#primaryimage\"},\"datePublished\":\"2014-02-06T14:50:50+00:00\",\"dateModified\":\"2023-05-25T07:07:55+00:00\",\"description\":\"Les Archives du Country Club d'Aix en Provence\",\"breadcrumb\":{\"@id\":\"https:\/\/countryclubaixois.com\/tennis-club\/presse\/les-archives-2\/#breadcrumb\"},\"inLanguage\":\"fr-FR\",\"potentialAction\":[{\"@type\":\"ReadAction\",\"target\":[\"https:\/\/countryclubaixois.com\/tennis-club\/presse\/les-archives-2\/\"]}]},{\"@type\":\"BreadcrumbList\",\"@id\":\"https:\/\/countryclubaixois.com\/tennis-club\/presse\/les-archives-2\/#breadcrumb\",\"itemListElement\":[{\"@type\":\"ListItem\",\"position\":1,\"name\":\"Home\",\"item\":\"https:\/\/countryclubaixois.com\/tennis-club\/\"},{\"@type\":\"ListItem\",\"position\":2,\"name\":\"Presse\",\"item\":\"https:\/\/countryclubaixois.com\/tennis-club\/presse\/\"},{\"@type\":\"ListItem\",\"position\":3,\"name\":\"Les Archives\"}]}]}<\/script>\n<!-- \/ Yoast SEO plugin. -->","yoast_head_json":{"title":"Les Archives du Country Club d'Aix en Provence","description":"Les Archives du Country Club d'Aix en Provence","robots":{"index":"index","follow":"follow","max-snippet":"max-snippet:-1","max-image-preview":"max-image-preview:large","max-video-preview":"max-video-preview:-1"},"canonical":"https:\/\/countryclubaixois.com\/tennis-club\/presse\/les-archives-2\/","og_locale":"fr_FR","og_type":"article","og_title":"Les Archives du Country Club d'Aix en Provence","og_description":"Les Archives du Country Club d'Aix en Provence","og_url":"https:\/\/countryclubaixois.com\/tennis-club\/presse\/les-archives-2\/","og_site_name":"Country Club Aixois","article_publisher":"https:\/\/www.facebook.com\/p\/Country-Club-Aixois-100063807272380\/?locale=fr_FR","article_modified_time":"2023-05-25T07:07:55+00:00","og_image":[{"url":"http:\/\/countryclubaixois.com\/tennis-club\/wp-content\/uploads\/2014\/02\/Raquette-spaghetti-1977-art.-TM-nov.jpg"}],"twitter_card":"summary_large_image","schema":{"@context":"https:\/\/schema.org","@graph":[{"@type":"Organization","@id":"https:\/\/countryclubaixois.com\/tennis-club\/#organization","name":"Country Club Aixois","url":"https:\/\/countryclubaixois.com\/tennis-club\/","sameAs":["https:\/\/www.facebook.com\/p\/Country-Club-Aixois-100063807272380\/?locale=fr_FR"],"logo":{"@type":"ImageObject","@id":"https:\/\/countryclubaixois.com\/tennis-club\/#logo","inLanguage":"fr-FR","url":"https:\/\/countryclubaixois.com\/tennis-club\/wp-content\/uploads\/2025\/02\/logo_new.png","contentUrl":"https:\/\/countryclubaixois.com\/tennis-club\/wp-content\/uploads\/2025\/02\/logo_new.png","width":150,"height":184,"caption":"Country Club Aixois"},"image":{"@id":"https:\/\/countryclubaixois.com\/tennis-club\/#logo"}},{"@type":"WebSite","@id":"https:\/\/countryclubaixois.com\/tennis-club\/#website","url":"https:\/\/countryclubaixois.com\/tennis-club\/","name":"Country Club Aixois","description":"Club de Tennis \u00e0 Aix en Provence qui compte plus de 850 licenci\u00e9s, le club de r\u00e9f\u00e9rence du tennis en France.","publisher":{"@id":"https:\/\/countryclubaixois.com\/tennis-club\/#organization"},"potentialAction":[{"@type":"SearchAction","target":{"@type":"EntryPoint","urlTemplate":"https:\/\/countryclubaixois.com\/tennis-club\/?s={search_term_string}"},"query-input":"required name=search_term_string"}],"inLanguage":"fr-FR"},{"@type":"ImageObject","@id":"https:\/\/countryclubaixois.com\/tennis-club\/presse\/les-archives-2\/#primaryimage","inLanguage":"fr-FR","url":"http:\/\/countryclubaixois.com\/tennis-club\/wp-content\/uploads\/2014\/02\/Raquette-spaghetti-1977-art.-TM-nov.jpg","contentUrl":"http:\/\/countryclubaixois.com\/tennis-club\/wp-content\/uploads\/2014\/02\/Raquette-spaghetti-1977-art.-TM-nov.jpg"},{"@type":"WebPage","@id":"https:\/\/countryclubaixois.com\/tennis-club\/presse\/les-archives-2\/#webpage","url":"https:\/\/countryclubaixois.com\/tennis-club\/presse\/les-archives-2\/","name":"Les Archives du Country Club d'Aix en Provence","isPartOf":{"@id":"https:\/\/countryclubaixois.com\/tennis-club\/#website"},"primaryImageOfPage":{"@id":"https:\/\/countryclubaixois.com\/tennis-club\/presse\/les-archives-2\/#primaryimage"},"datePublished":"2014-02-06T14:50:50+00:00","dateModified":"2023-05-25T07:07:55+00:00","description":"Les Archives du Country Club d'Aix en Provence","breadcrumb":{"@id":"https:\/\/countryclubaixois.com\/tennis-club\/presse\/les-archives-2\/#breadcrumb"},"inLanguage":"fr-FR","potentialAction":[{"@type":"ReadAction","target":["https:\/\/countryclubaixois.com\/tennis-club\/presse\/les-archives-2\/"]}]},{"@type":"BreadcrumbList","@id":"https:\/\/countryclubaixois.com\/tennis-club\/presse\/les-archives-2\/#breadcrumb","itemListElement":[{"@type":"ListItem","position":1,"name":"Home","item":"https:\/\/countryclubaixois.com\/tennis-club\/"},{"@type":"ListItem","position":2,"name":"Presse","item":"https:\/\/countryclubaixois.com\/tennis-club\/presse\/"},{"@type":"ListItem","position":3,"name":"Les Archives"}]}]}},"_links":{"self":[{"href":"https:\/\/countryclubaixois.com\/tennis-club\/wp-json\/wp\/v2\/pages\/333","targetHints":{"allow":["GET"]}}],"collection":[{"href":"https:\/\/countryclubaixois.com\/tennis-club\/wp-json\/wp\/v2\/pages"}],"about":[{"href":"https:\/\/countryclubaixois.com\/tennis-club\/wp-json\/wp\/v2\/types\/page"}],"author":[{"embeddable":true,"href":"https:\/\/countryclubaixois.com\/tennis-club\/wp-json\/wp\/v2\/users\/1"}],"replies":[{"embeddable":true,"href":"https:\/\/countryclubaixois.com\/tennis-club\/wp-json\/wp\/v2\/comments?post=333"}],"version-history":[{"count":0,"href":"https:\/\/countryclubaixois.com\/tennis-club\/wp-json\/wp\/v2\/pages\/333\/revisions"}],"up":[{"embeddable":true,"href":"https:\/\/countryclubaixois.com\/tennis-club\/wp-json\/wp\/v2\/pages\/15"}],"wp:attachment":[{"href":"https:\/\/countryclubaixois.com\/tennis-club\/wp-json\/wp\/v2\/media?parent=333"}],"wp:term":[{"taxonomy":"category","embeddable":true,"href":"https:\/\/countryclubaixois.com\/tennis-club\/wp-json\/wp\/v2\/categories?post=333"},{"taxonomy":"post_tag","embeddable":true,"href":"https:\/\/countryclubaixois.com\/tennis-club\/wp-json\/wp\/v2\/tags?post=333"}],"curies":[{"name":"wp","href":"https:\/\/api.w.org\/{rel}","templated":true}]}}