{"id":65,"date":"2014-02-05T15:51:26","date_gmt":"2014-02-05T14:51:26","guid":{"rendered":"http:\/\/countryclubaixois.com\/tennis-club\/?page_id=65"},"modified":"2014-09-25T13:07:23","modified_gmt":"2014-09-25T12:07:23","slug":"reglement-sportif","status":"publish","type":"page","link":"https:\/\/countryclubaixois.com\/tennis-club\/la-competition\/reglement-sportif\/","title":{"rendered":"R\u00e8glement Sportif"},"content":{"rendered":"<p style=\"text-align: center;\">Retrouvez le r\u00e8glement sportif dans le document PDF ci dessous.<\/p>\n<p><a style=\"font-size: 0.8em;\" href=\"https:\/\/countryclubaixois.com\/tennis-club\/wp-content\/uploads\/2014\/02\/Reglements-Sportifs.pdf\"><img decoding=\"async\" class=\"aligncenter\" alt=\"pdf-logo91\" src=\"https:\/\/countryclubaixois.com\/tennis-club\/wp-content\/uploads\/2014\/02\/pdf-logo91.jpg\" width=\"45\" \/><\/a><\/p>\n<p><a href=\"https:\/\/countryclubaixois.com\/tennis-club\/wp-content\/uploads\/2014\/02\/Reglements-Sportifs.pdf\"><br \/>\n<\/a><\/p>\n<p>&nbsp;<\/p>\n<p>&nbsp;<\/p>\n","protected":false},"excerpt":{"rendered":"<p>Retrouvez le r\u00e8glement sportif dans le document PDF ci dessous.<\/p>\n<p>&nbsp;<\/p>\n<p>&nbsp;<\/p>\n","protected":false},"author":1,"featured_media":0,"parent":18,"menu_order":0,"comment_status":"open","ping_status":"open","template":"","meta":{"_acf_changed":false,"footnotes":""},"categories":[],"tags":[],"class_list":["post-65","page","type-page","status-publish","hentry","count-0","even alt","author-admin_avaelys","last"],"acf":[],"yoast_head":"<!-- This site is optimized with the Yoast SEO plugin v17.2 - https:\/\/yoast.com\/wordpress\/plugins\/seo\/ -->\n<title>R\u00e8glement Sportif - Country Club Aixois<\/title>\n<meta name=\"robots\" content=\"index, follow, max-snippet:-1, max-image-preview:large, max-video-preview:-1\" \/>\n<link rel=\"canonical\" href=\"https:\/\/countryclubaixois.com\/tennis-club\/la-competition\/reglement-sportif\/\" \/>\n<meta property=\"og:locale\" content=\"fr_FR\" \/>\n<meta property=\"og:type\" content=\"article\" \/>\n<meta property=\"og:title\" content=\"R\u00e8glement Sportif - Country Club Aixois\" \/>\n<meta property=\"og:description\" content=\"Retrouvez le r\u00e8glement sportif dans le document PDF ci dessous.      &nbsp;  &nbsp;\" \/>\n<meta property=\"og:url\" content=\"https:\/\/countryclubaixois.com\/tennis-club\/la-competition\/reglement-sportif\/\" \/>\n<meta property=\"og:site_name\" content=\"Country Club Aixois\" \/>\n<meta property=\"article:publisher\" content=\"https:\/\/www.facebook.com\/p\/Country-Club-Aixois-100063807272380\/?locale=fr_FR\" \/>\n<meta property=\"article:modified_time\" content=\"2014-09-25T12:07:23+00:00\" \/>\n<meta property=\"og:image\" content=\"http:\/\/countryclubaixois.com\/tennis-club\/wp-content\/uploads\/2014\/02\/pdf-logo91.jpg\" \/>\n<meta name=\"twitter:card\" content=\"summary_large_image\" \/>\n<script type=\"application\/ld+json\" class=\"yoast-schema-graph\">{\"@context\":\"https:\/\/schema.org\",\"@graph\":[{\"@type\":\"Organization\",\"@id\":\"https:\/\/countryclubaixois.com\/tennis-club\/#organization\",\"name\":\"Country Club Aixois\",\"url\":\"https:\/\/countryclubaixois.com\/tennis-club\/\",\"sameAs\":[\"https:\/\/www.facebook.com\/p\/Country-Club-Aixois-100063807272380\/?locale=fr_FR\"],\"logo\":{\"@type\":\"ImageObject\",\"@id\":\"https:\/\/countryclubaixois.com\/tennis-club\/#logo\",\"inLanguage\":\"fr-FR\",\"url\":\"https:\/\/countryclubaixois.com\/tennis-club\/wp-content\/uploads\/2025\/02\/logo_new.png\",\"contentUrl\":\"https:\/\/countryclubaixois.com\/tennis-club\/wp-content\/uploads\/2025\/02\/logo_new.png\",\"width\":150,\"height\":184,\"caption\":\"Country Club Aixois\"},\"image\":{\"@id\":\"https:\/\/countryclubaixois.com\/tennis-club\/#logo\"}},{\"@type\":\"WebSite\",\"@id\":\"https:\/\/countryclubaixois.com\/tennis-club\/#website\",\"url\":\"https:\/\/countryclubaixois.com\/tennis-club\/\",\"name\":\"Country Club Aixois\",\"description\":\"Club de Tennis \\u00e0 Aix en Provence qui compte plus de 850 licenci\\u00e9s, le club de r\\u00e9f\\u00e9rence du tennis en France.\",\"publisher\":{\"@id\":\"https:\/\/countryclubaixois.com\/tennis-club\/#organization\"},\"potentialAction\":[{\"@type\":\"SearchAction\",\"target\":{\"@type\":\"EntryPoint\",\"urlTemplate\":\"https:\/\/countryclubaixois.com\/tennis-club\/?s={search_term_string}\"},\"query-input\":\"required name=search_term_string\"}],\"inLanguage\":\"fr-FR\"},{\"@type\":\"ImageObject\",\"@id\":\"https:\/\/countryclubaixois.com\/tennis-club\/la-competition\/reglement-sportif\/#primaryimage\",\"inLanguage\":\"fr-FR\",\"url\":\"http:\/\/countryclubaixois.com\/tennis-club\/wp-content\/uploads\/2014\/02\/pdf-logo91.jpg\",\"contentUrl\":\"http:\/\/countryclubaixois.com\/tennis-club\/wp-content\/uploads\/2014\/02\/pdf-logo91.jpg\"},{\"@type\":\"WebPage\",\"@id\":\"https:\/\/countryclubaixois.com\/tennis-club\/la-competition\/reglement-sportif\/#webpage\",\"url\":\"https:\/\/countryclubaixois.com\/tennis-club\/la-competition\/reglement-sportif\/\",\"name\":\"R\\u00e8glement Sportif - Country Club Aixois\",\"isPartOf\":{\"@id\":\"https:\/\/countryclubaixois.com\/tennis-club\/#website\"},\"primaryImageOfPage\":{\"@id\":\"https:\/\/countryclubaixois.com\/tennis-club\/la-competition\/reglement-sportif\/#primaryimage\"},\"datePublished\":\"2014-02-05T14:51:26+00:00\",\"dateModified\":\"2014-09-25T12:07:23+00:00\",\"breadcrumb\":{\"@id\":\"https:\/\/countryclubaixois.com\/tennis-club\/la-competition\/reglement-sportif\/#breadcrumb\"},\"inLanguage\":\"fr-FR\",\"potentialAction\":[{\"@type\":\"ReadAction\",\"target\":[\"https:\/\/countryclubaixois.com\/tennis-club\/la-competition\/reglement-sportif\/\"]}]},{\"@type\":\"BreadcrumbList\",\"@id\":\"https:\/\/countryclubaixois.com\/tennis-club\/la-competition\/reglement-sportif\/#breadcrumb\",\"itemListElement\":[{\"@type\":\"ListItem\",\"position\":1,\"name\":\"Home\",\"item\":\"https:\/\/countryclubaixois.com\/tennis-club\/\"},{\"@type\":\"ListItem\",\"position\":2,\"name\":\"La comp\\u00e9tition\",\"item\":\"https:\/\/countryclubaixois.com\/tennis-club\/la-competition\/\"},{\"@type\":\"ListItem\",\"position\":3,\"name\":\"R\\u00e8glement Sportif\"}]}]}<\/script>\n<!-- \/ Yoast SEO plugin. -->","yoast_head_json":{"title":"R\u00e8glement Sportif - Country Club Aixois","robots":{"index":"index","follow":"follow","max-snippet":"max-snippet:-1","max-image-preview":"max-image-preview:large","max-video-preview":"max-video-preview:-1"},"canonical":"https:\/\/countryclubaixois.com\/tennis-club\/la-competition\/reglement-sportif\/","og_locale":"fr_FR","og_type":"article","og_title":"R\u00e8glement Sportif - Country Club Aixois","og_description":"Retrouvez le r\u00e8glement sportif dans le document PDF ci dessous.      &nbsp;  &nbsp;","og_url":"https:\/\/countryclubaixois.com\/tennis-club\/la-competition\/reglement-sportif\/","og_site_name":"Country Club Aixois","article_publisher":"https:\/\/www.facebook.com\/p\/Country-Club-Aixois-100063807272380\/?locale=fr_FR","article_modified_time":"2014-09-25T12:07:23+00:00","og_image":[{"url":"http:\/\/countryclubaixois.com\/tennis-club\/wp-content\/uploads\/2014\/02\/pdf-logo91.jpg"}],"twitter_card":"summary_large_image","schema":{"@context":"https:\/\/schema.org","@graph":[{"@type":"Organization","@id":"https:\/\/countryclubaixois.com\/tennis-club\/#organization","name":"Country Club Aixois","url":"https:\/\/countryclubaixois.com\/tennis-club\/","sameAs":["https:\/\/www.facebook.com\/p\/Country-Club-Aixois-100063807272380\/?locale=fr_FR"],"logo":{"@type":"ImageObject","@id":"https:\/\/countryclubaixois.com\/tennis-club\/#logo","inLanguage":"fr-FR","url":"https:\/\/countryclubaixois.com\/tennis-club\/wp-content\/uploads\/2025\/02\/logo_new.png","contentUrl":"https:\/\/countryclubaixois.com\/tennis-club\/wp-content\/uploads\/2025\/02\/logo_new.png","width":150,"height":184,"caption":"Country Club Aixois"},"image":{"@id":"https:\/\/countryclubaixois.com\/tennis-club\/#logo"}},{"@type":"WebSite","@id":"https:\/\/countryclubaixois.com\/tennis-club\/#website","url":"https:\/\/countryclubaixois.com\/tennis-club\/","name":"Country Club Aixois","description":"Club de Tennis \u00e0 Aix en Provence qui compte plus de 850 licenci\u00e9s, le club de r\u00e9f\u00e9rence du tennis en France.","publisher":{"@id":"https:\/\/countryclubaixois.com\/tennis-club\/#organization"},"potentialAction":[{"@type":"SearchAction","target":{"@type":"EntryPoint","urlTemplate":"https:\/\/countryclubaixois.com\/tennis-club\/?s={search_term_string}"},"query-input":"required name=search_term_string"}],"inLanguage":"fr-FR"},{"@type":"ImageObject","@id":"https:\/\/countryclubaixois.com\/tennis-club\/la-competition\/reglement-sportif\/#primaryimage","inLanguage":"fr-FR","url":"http:\/\/countryclubaixois.com\/tennis-club\/wp-content\/uploads\/2014\/02\/pdf-logo91.jpg","contentUrl":"http:\/\/countryclubaixois.com\/tennis-club\/wp-content\/uploads\/2014\/02\/pdf-logo91.jpg"},{"@type":"WebPage","@id":"https:\/\/countryclubaixois.com\/tennis-club\/la-competition\/reglement-sportif\/#webpage","url":"https:\/\/countryclubaixois.com\/tennis-club\/la-competition\/reglement-sportif\/","name":"R\u00e8glement Sportif - Country Club Aixois","isPartOf":{"@id":"https:\/\/countryclubaixois.com\/tennis-club\/#website"},"primaryImageOfPage":{"@id":"https:\/\/countryclubaixois.com\/tennis-club\/la-competition\/reglement-sportif\/#primaryimage"},"datePublished":"2014-02-05T14:51:26+00:00","dateModified":"2014-09-25T12:07:23+00:00","breadcrumb":{"@id":"https:\/\/countryclubaixois.com\/tennis-club\/la-competition\/reglement-sportif\/#breadcrumb"},"inLanguage":"fr-FR","potentialAction":[{"@type":"ReadAction","target":["https:\/\/countryclubaixois.com\/tennis-club\/la-competition\/reglement-sportif\/"]}]},{"@type":"BreadcrumbList","@id":"https:\/\/countryclubaixois.com\/tennis-club\/la-competition\/reglement-sportif\/#breadcrumb","itemListElement":[{"@type":"ListItem","position":1,"name":"Home","item":"https:\/\/countryclubaixois.com\/tennis-club\/"},{"@type":"ListItem","position":2,"name":"La comp\u00e9tition","item":"https:\/\/countryclubaixois.com\/tennis-club\/la-competition\/"},{"@type":"ListItem","position":3,"name":"R\u00e8glement Sportif"}]}]}},"_links":{"self":[{"href":"https:\/\/countryclubaixois.com\/tennis-club\/wp-json\/wp\/v2\/pages\/65","targetHints":{"allow":["GET"]}}],"collection":[{"href":"https:\/\/countryclubaixois.com\/tennis-club\/wp-json\/wp\/v2\/pages"}],"about":[{"href":"https:\/\/countryclubaixois.com\/tennis-club\/wp-json\/wp\/v2\/types\/page"}],"author":[{"embeddable":true,"href":"https:\/\/countryclubaixois.com\/tennis-club\/wp-json\/wp\/v2\/users\/1"}],"replies":[{"embeddable":true,"href":"https:\/\/countryclubaixois.com\/tennis-club\/wp-json\/wp\/v2\/comments?post=65"}],"version-history":[{"count":0,"href":"https:\/\/countryclubaixois.com\/tennis-club\/wp-json\/wp\/v2\/pages\/65\/revisions"}],"up":[{"embeddable":true,"href":"https:\/\/countryclubaixois.com\/tennis-club\/wp-json\/wp\/v2\/pages\/18"}],"wp:attachment":[{"href":"https:\/\/countryclubaixois.com\/tennis-club\/wp-json\/wp\/v2\/media?parent=65"}],"wp:term":[{"taxonomy":"category","embeddable":true,"href":"https:\/\/countryclubaixois.com\/tennis-club\/wp-json\/wp\/v2\/categories?post=65"},{"taxonomy":"post_tag","embeddable":true,"href":"https:\/\/countryclubaixois.com\/tennis-club\/wp-json\/wp\/v2\/tags?post=65"}],"curies":[{"name":"wp","href":"https:\/\/api.w.org\/{rel}","templated":true}]}}