{"id":88,"date":"2014-02-05T16:13:36","date_gmt":"2014-02-05T15:13:36","guid":{"rendered":"http:\/\/countryclubaixois.com\/tennis-club\/?page_id=88"},"modified":"2026-01-15T15:19:57","modified_gmt":"2026-01-15T14:19:57","slug":"le-restaurant","status":"publish","type":"page","link":"https:\/\/countryclubaixois.com\/tennis-club\/le-club\/le-restaurant\/","title":{"rendered":"Le restaurant"},"content":{"rendered":"\t\t<div data-elementor-type=\"wp-page\" data-elementor-id=\"88\" class=\"elementor elementor-88\">\n\t\t\t\t\t\t<section class=\"elementor-section elementor-top-section elementor-element elementor-element-334177dc elementor-section-boxed elementor-section-height-default elementor-section-height-default\" data-id=\"334177dc\" data-element_type=\"section\">\n\t\t\t\t\t\t<div class=\"elementor-container elementor-column-gap-default\">\n\t\t\t\t\t<div class=\"elementor-column elementor-col-100 elementor-top-column elementor-element elementor-element-5eae26bd\" data-id=\"5eae26bd\" data-element_type=\"column\">\n\t\t\t<div class=\"elementor-widget-wrap elementor-element-populated\">\n\t\t\t\t\t\t<div class=\"elementor-element elementor-element-79089bbc elementor-widget elementor-widget-heading\" data-id=\"79089bbc\" data-element_type=\"widget\" data-widget_type=\"heading.default\">\n\t\t\t\t<div class=\"elementor-widget-container\">\n\t\t\t\t\t<h2 class=\"elementor-heading-title elementor-size-default\">Le Country Club d'Aix-en-Provence<\/h2>\t\t\t\t<\/div>\n\t\t\t\t<\/div>\n\t\t\t\t<div class=\"elementor-element elementor-element-7edc3f69 elementor-widget-divider--view-line elementor-widget elementor-widget-divider\" data-id=\"7edc3f69\" data-element_type=\"widget\" data-widget_type=\"divider.default\">\n\t\t\t\t<div class=\"elementor-widget-container\">\n\t\t\t\t\t\t\t<div class=\"elementor-divider\">\n\t\t\t<span class=\"elementor-divider-separator\">\n\t\t\t\t\t\t<\/span>\n\t\t<\/div>\n\t\t\t\t\t\t<\/div>\n\t\t\t\t<\/div>\n\t\t\t\t<div class=\"elementor-element elementor-element-a0b7fdc elementor-widget elementor-widget-heading\" data-id=\"a0b7fdc\" data-element_type=\"widget\" data-widget_type=\"heading.default\">\n\t\t\t\t<div class=\"elementor-widget-container\">\n\t\t\t\t\t<h2 class=\"elementor-heading-title elementor-size-default\">Le Restaurant<\/h2>\t\t\t\t<\/div>\n\t\t\t\t<\/div>\n\t\t\t\t\t<\/div>\n\t\t<\/div>\n\t\t\t\t\t<\/div>\n\t\t<\/section>\n\t\t<div class=\"elementor-element elementor-element-e43769e e-flex e-con-boxed e-con e-parent\" data-id=\"e43769e\" data-element_type=\"container\">\n\t\t\t\t\t<div class=\"e-con-inner\">\n\t\t\t\t<div class=\"elementor-element elementor-element-dac65a6 elementor-widget elementor-widget-heading\" data-id=\"dac65a6\" data-element_type=\"widget\" data-widget_type=\"heading.default\">\n\t\t\t\t<div class=\"elementor-widget-container\">\n\t\t\t\t\t<h2 class=\"elementor-heading-title elementor-size-default\">Restaurant ferm\u00e9 depuis Ao\u00fbt 2025 - Date de r\u00e9ouverture non-connue<\/h2>\t\t\t\t<\/div>\n\t\t\t\t<\/div>\n\t\t\t\t\t<\/div>\n\t\t\t\t<\/div>\n\t\t\t\t<section class=\"elementor-section elementor-top-section elementor-element elementor-element-73158aec elementor-section-boxed elementor-section-height-default elementor-section-height-default\" data-id=\"73158aec\" data-element_type=\"section\">\n\t\t\t\t\t\t<div class=\"elementor-container elementor-column-gap-default\">\n\t\t\t\t\t<div class=\"elementor-column elementor-col-100 elementor-top-column elementor-element elementor-element-12f37b8c\" data-id=\"12f37b8c\" data-element_type=\"column\">\n\t\t\t<div class=\"elementor-widget-wrap elementor-element-populated\">\n\t\t\t\t\t\t<div class=\"elementor-element elementor-element-5c47c36b elementor-widget elementor-widget-text-editor\" data-id=\"5c47c36b\" data-element_type=\"widget\" data-widget_type=\"text-editor.default\">\n\t\t\t\t<div class=\"elementor-widget-container\">\n\t\t\t\t\t\t\t\t\t<p>Nich\u00e9 au c\u0153ur du prestigieux Country Club Aixois, notre restaurant vous invite \u00e0 une exp\u00e9rience culinaire d&rsquo;exception.<\/p><p>Dans un cadre \u00e9l\u00e9gant et raffin\u00e9, avec vue sur les courts de tennis et la piscine, savourez une cuisine cr\u00e9ative et savoureuse, \u00e9labor\u00e9e \u00e0 partir de produits frais et de saison.<\/p><p>Que ce soit pour un d\u00e9jeuner ensoleill\u00e9 en terrasse, un d\u00eener romantique ou un \u00e9v\u00e9nement priv\u00e9, notre \u00e9quipe attentionn\u00e9e se fera un plaisir de vous offrir un moment inoubliable.<\/p>\t\t\t\t\t\t\t\t<\/div>\n\t\t\t\t<\/div>\n\t\t\t\t\t<\/div>\n\t\t<\/div>\n\t\t\t\t\t<\/div>\n\t\t<\/section>\n\t\t\t\t<section class=\"elementor-section elementor-top-section elementor-element elementor-element-360a6363 elementor-section-full_width elementor-section-height-min-height elementor-section-height-default elementor-section-items-middle\" data-id=\"360a6363\" data-element_type=\"section\" data-settings=\"{&quot;background_background&quot;:&quot;slideshow&quot;,&quot;background_slideshow_gallery&quot;:[{&quot;id&quot;:6083,&quot;url&quot;:&quot;https:\\\/\\\/countryclubaixois.com\\\/tennis-club\\\/wp-content\\\/uploads\\\/2025\\\/02\\\/JD8A2544.jpg&quot;}],&quot;background_slideshow_ken_burns&quot;:&quot;yes&quot;,&quot;background_slideshow_ken_burns_zoom_direction&quot;:&quot;out&quot;,&quot;background_slideshow_loop&quot;:&quot;yes&quot;,&quot;background_slideshow_slide_duration&quot;:5000,&quot;background_slideshow_slide_transition&quot;:&quot;fade&quot;,&quot;background_slideshow_transition_duration&quot;:500}\">\n\t\t\t\t\t\t\t<div class=\"elementor-background-overlay\"><\/div>\n\t\t\t\t\t\t\t<div class=\"elementor-container elementor-column-gap-default\">\n\t\t\t\t\t<div class=\"elementor-column elementor-col-100 elementor-top-column elementor-element elementor-element-11732ac4\" data-id=\"11732ac4\" data-element_type=\"column\" data-settings=\"{&quot;background_background&quot;:&quot;slideshow&quot;,&quot;background_slideshow_gallery&quot;:[],&quot;background_slideshow_loop&quot;:&quot;yes&quot;,&quot;background_slideshow_slide_duration&quot;:5000,&quot;background_slideshow_slide_transition&quot;:&quot;fade&quot;,&quot;background_slideshow_transition_duration&quot;:500}\">\n\t\t\t<div class=\"elementor-widget-wrap elementor-element-populated\">\n\t\t\t\t<div class=\"elementor-element elementor-element-06a3691 e-flex e-con-boxed e-con e-parent\" data-id=\"06a3691\" data-element_type=\"container\">\n\t\t\t\t\t<div class=\"e-con-inner\">\n\t\t<div class=\"elementor-element elementor-element-bb1a29f e-con-full e-flex e-con e-child\" data-id=\"bb1a29f\" data-element_type=\"container\">\n\t\t\t\t<div class=\"elementor-element elementor-element-1fbea8d elementor-widget elementor-widget-text-editor\" data-id=\"1fbea8d\" data-element_type=\"widget\" data-widget_type=\"text-editor.default\">\n\t\t\t\t<div class=\"elementor-widget-container\">\n\t\t\t\t\t\t\t\t\t<h3><span style=\"color: #9b3100;\"><strong>Un Cadre Idyllique :<\/strong><\/span><\/h3><p>\u00a0<\/p><ul><li><strong>Terrasse panoramique :<\/strong> D\u00e8s les beaux jours, notre terrasse s&rsquo;ouvre sur une vue imprenable des courts de tennis et de la piscine, baign\u00e9e par la douce lumi\u00e8re proven\u00e7ale. C&rsquo;est l&rsquo;endroit id\u00e9al pour un d\u00e9jeuner ensoleill\u00e9, un ap\u00e9ritif entre amis ou un d\u00eener romantique sous les \u00e9toiles.<\/li><li><strong>Salle int\u00e9rieure raffin\u00e9e :<\/strong> En hiver, notre salle \u00e0 manger vous accueille dans une ambiance chaleureuse et feutr\u00e9e, avec une d\u00e9coration soign\u00e9e et une vue apaisante sur les jardins.<\/li><\/ul><p>\u00a0<\/p><h3><span style=\"color: #9b3100;\"><strong>Une Cuisine d&rsquo;Exception :<\/strong><\/span><\/h3><p>\u00a0<\/p><ul><li><strong>Le Chef et sa Passion :<\/strong> Notre chef talentueux, v\u00e9ritable artisan du go\u00fbt, imagine une cuisine inventive et raffin\u00e9e, inspir\u00e9e des saveurs m\u00e9diterran\u00e9ennes et des produits de saison. Sa passion se traduit par des plats cr\u00e9atifs et savoureux, o\u00f9 chaque ingr\u00e9dient est s\u00e9lectionn\u00e9 avec soin.<\/li><li><strong>Carte \u00e9volutive :<\/strong> Au fil des saisons, notre carte se renouvelle pour vous offrir une exp\u00e9rience culinaire toujours surprenante. Des sp\u00e9cialit\u00e9s de la mer aux viandes savoureuses, en passant par des cr\u00e9ations v\u00e9g\u00e9tariennes originales, il y en a pour tous les go\u00fbts.<\/li><li><strong>Accords mets et vins :<\/strong> Notre sommelier vous conseillera pour choisir le vin parfait qui accompagnera votre repas, parmi une s\u00e9lection de crus locaux et de grands vins fran\u00e7ais.<\/li><\/ul>\t\t\t\t\t\t\t\t<\/div>\n\t\t\t\t<\/div>\n\t\t\t\t<div class=\"elementor-element elementor-element-014814e elementor-align-center elementor-widget elementor-widget-button\" data-id=\"014814e\" data-element_type=\"widget\" data-widget_type=\"button.default\">\n\t\t\t\t<div class=\"elementor-widget-container\">\n\t\t\t\t\t\t\t\t\t<div class=\"elementor-button-wrapper\">\n\t\t\t\t\t<a class=\"elementor-button elementor-button-link elementor-size-sm\" href=\"https:\/\/lesterrassesducountry.fr\/\" target=\"_blank\">\n\t\t\t\t\t\t<span class=\"elementor-button-content-wrapper\">\n\t\t\t\t\t\t\t\t\t<span class=\"elementor-button-text\">En savoir plus<\/span>\n\t\t\t\t\t<\/span>\n\t\t\t\t\t<\/a>\n\t\t\t\t<\/div>\n\t\t\t\t\t\t\t\t<\/div>\n\t\t\t\t<\/div>\n\t\t\t\t<\/div>\n\t\t<div class=\"elementor-element elementor-element-64c38b3 e-con-full e-flex e-con e-child\" data-id=\"64c38b3\" data-element_type=\"container\" data-settings=\"{&quot;background_background&quot;:&quot;slideshow&quot;,&quot;background_slideshow_gallery&quot;:[{&quot;id&quot;:6081,&quot;url&quot;:&quot;https:\\\/\\\/countryclubaixois.com\\\/tennis-club\\\/wp-content\\\/uploads\\\/2025\\\/02\\\/JD8A2504.jpg&quot;},{&quot;id&quot;:6082,&quot;url&quot;:&quot;https:\\\/\\\/countryclubaixois.com\\\/tennis-club\\\/wp-content\\\/uploads\\\/2025\\\/02\\\/JD8A2530.jpg&quot;},{&quot;id&quot;:6083,&quot;url&quot;:&quot;https:\\\/\\\/countryclubaixois.com\\\/tennis-club\\\/wp-content\\\/uploads\\\/2025\\\/02\\\/JD8A2544.jpg&quot;},{&quot;id&quot;:6084,&quot;url&quot;:&quot;https:\\\/\\\/countryclubaixois.com\\\/tennis-club\\\/wp-content\\\/uploads\\\/2025\\\/02\\\/JD8A2545.jpg&quot;},{&quot;id&quot;:6085,&quot;url&quot;:&quot;https:\\\/\\\/countryclubaixois.com\\\/tennis-club\\\/wp-content\\\/uploads\\\/2025\\\/02\\\/JD8A2549.jpg&quot;},{&quot;id&quot;:6086,&quot;url&quot;:&quot;https:\\\/\\\/countryclubaixois.com\\\/tennis-club\\\/wp-content\\\/uploads\\\/2025\\\/02\\\/JD8A2556.jpg&quot;},{&quot;id&quot;:6087,&quot;url&quot;:&quot;https:\\\/\\\/countryclubaixois.com\\\/tennis-club\\\/wp-content\\\/uploads\\\/2025\\\/02\\\/DSC01989.jpg&quot;},{&quot;id&quot;:6088,&quot;url&quot;:&quot;https:\\\/\\\/countryclubaixois.com\\\/tennis-club\\\/wp-content\\\/uploads\\\/2025\\\/02\\\/DSC01990.jpg&quot;},{&quot;id&quot;:6089,&quot;url&quot;:&quot;https:\\\/\\\/countryclubaixois.com\\\/tennis-club\\\/wp-content\\\/uploads\\\/2025\\\/02\\\/DSC01991.jpg&quot;},{&quot;id&quot;:6090,&quot;url&quot;:&quot;https:\\\/\\\/countryclubaixois.com\\\/tennis-club\\\/wp-content\\\/uploads\\\/2025\\\/02\\\/JD8A2396.jpg&quot;},{&quot;id&quot;:6091,&quot;url&quot;:&quot;https:\\\/\\\/countryclubaixois.com\\\/tennis-club\\\/wp-content\\\/uploads\\\/2025\\\/02\\\/JD8A2465.jpg&quot;},{&quot;id&quot;:6092,&quot;url&quot;:&quot;https:\\\/\\\/countryclubaixois.com\\\/tennis-club\\\/wp-content\\\/uploads\\\/2025\\\/02\\\/JD8A2468.jpg&quot;}],&quot;background_slideshow_loop&quot;:&quot;yes&quot;,&quot;background_slideshow_slide_duration&quot;:5000,&quot;background_slideshow_slide_transition&quot;:&quot;fade&quot;,&quot;background_slideshow_transition_duration&quot;:500}\">\n\t\t\t\t<\/div>\n\t\t\t\t\t<\/div>\n\t\t\t\t<\/div>\n\t\t\t\t\t<\/div>\n\t\t<\/div>\n\t\t\t\t\t<\/div>\n\t\t<\/section>\n\t\t\t\t<section class=\"elementor-section elementor-top-section elementor-element elementor-element-786d8921 elementor-section-boxed elementor-section-height-default elementor-section-height-default\" data-id=\"786d8921\" data-element_type=\"section\">\n\t\t\t\t\t\t<div class=\"elementor-container elementor-column-gap-default\">\n\t\t\t\t\t<div class=\"elementor-column elementor-col-100 elementor-top-column elementor-element elementor-element-6ab380af\" data-id=\"6ab380af\" data-element_type=\"column\">\n\t\t\t<div class=\"elementor-widget-wrap elementor-element-populated\">\n\t\t\t\t\t\t<div class=\"elementor-element elementor-element-7ed57736 elementor-widget elementor-widget-heading\" data-id=\"7ed57736\" data-element_type=\"widget\" data-widget_type=\"heading.default\">\n\t\t\t\t<div class=\"elementor-widget-container\">\n\t\t\t\t\t<h2 class=\"elementor-heading-title elementor-size-default\">Une Exp\u00e9rience Personnalis\u00e9e<\/h2>\t\t\t\t<\/div>\n\t\t\t\t<\/div>\n\t\t\t\t<div class=\"elementor-element elementor-element-436ac878 elementor-widget elementor-widget-text-editor\" data-id=\"436ac878\" data-element_type=\"widget\" data-widget_type=\"text-editor.default\">\n\t\t\t\t<div class=\"elementor-widget-container\">\n\t\t\t\t\t\t\t\t\t<ul><li data-sourcepos=\"22:1-22:292\"><strong>\u00c9v\u00e9nements priv\u00e9s :<\/strong> Notre restaurant se pr\u00eate \u00e9galement \u00e0 l&rsquo;organisation d&rsquo;\u00e9v\u00e9nements priv\u00e9s, qu&rsquo;il s&rsquo;agisse d&rsquo;un mariage, d&rsquo;un anniversaire, d&rsquo;un s\u00e9minaire ou d&rsquo;un d\u00eener d&rsquo;affaires. Notre \u00e9quipe d\u00e9di\u00e9e vous accompagnera pour cr\u00e9er un \u00e9v\u00e9nement sur mesure, \u00e0 la hauteur de vos attentes.<\/li><li data-sourcepos=\"23:1-24:0\"><strong>Service attentionn\u00e9 :<\/strong> Notre personnel, attentif et professionnel, est \u00e0 votre disposition pour vous offrir un service impeccable et faire de votre visite un moment inoubliable.<\/li><\/ul>\t\t\t\t\t\t\t\t<\/div>\n\t\t\t\t<\/div>\n\t\t\t\t\t<\/div>\n\t\t<\/div>\n\t\t\t\t\t<\/div>\n\t\t<\/section>\n\t\t<div class=\"elementor-element elementor-element-914e699 e-flex e-con-boxed e-con e-parent\" data-id=\"914e699\" data-element_type=\"container\">\n\t\t\t\t\t<div class=\"e-con-inner\">\n\t\t<div class=\"elementor-element elementor-element-59503e5 e-con-full e-flex e-con e-child\" data-id=\"59503e5\" data-element_type=\"container\">\n\t\t<div class=\"elementor-element elementor-element-3106231 e-con-full e-flex e-con e-child\" data-id=\"3106231\" data-element_type=\"container\">\n\t\t\t\t<div class=\"elementor-element elementor-element-4713da5 elementor-widget elementor-widget-heading\" data-id=\"4713da5\" data-element_type=\"widget\" data-widget_type=\"heading.default\">\n\t\t\t\t<div class=\"elementor-widget-container\">\n\t\t\t\t\t<h2 class=\"elementor-heading-title elementor-size-default\"><a href=\"tel:0442921188\">04 42 92 11 88<\/a><\/h2>\t\t\t\t<\/div>\n\t\t\t\t<\/div>\n\t\t\t\t<\/div>\n\t\t\t\t<\/div>\n\t\t\t\t\t<\/div>\n\t\t\t\t<\/div>\n\t\t\t\t<\/div>\n\t\t","protected":false},"excerpt":{"rendered":"<p>Le Country Club d&rsquo;Aix-en-Provence<br \/>\n\t\t\t\t\tLe Restaurant<br \/>\n\t\t\t\t\tRestaurant ferm\u00e9 depuis Ao\u00fbt 2025 &#8211; Date de r\u00e9ouverture non-connue<br \/>\n\t\tNich\u00e9 au c\u0153ur du prestigieux Country Club Aixois, notre restaurant vous invite \u00e0 une exp\u00e9rience culinaire d&rsquo;exception.Dans un cadre \u00e9l\u00e9gant et raffin\u00e9, avec vue  [&#8230;]<\/p>\n","protected":false},"author":1,"featured_media":0,"parent":7,"menu_order":0,"comment_status":"open","ping_status":"open","template":"","meta":{"_acf_changed":false,"footnotes":""},"categories":[],"tags":[16,15,13,14,17],"class_list":["post-88","page","type-page","status-publish","hentry","tag-club-house-aix","tag-les-terrasses-du-country","tag-restaurant-aix","tag-restaurant-du-country","tag-restaurant-piscine-aix","count-0","even alt","author-admin_avaelys","last"],"acf":[],"yoast_head":"<!-- This site is optimized with the Yoast SEO plugin v17.2 - https:\/\/yoast.com\/wordpress\/plugins\/seo\/ -->\n<title>Le restaurant du Country Club Aixois<\/title>\n<meta name=\"description\" content=\"\u00ab Les Terrasses du Country \u00bb vous propose sa nouvelle carte d\u2019hiver \u2013 un parcours gourmand de la cuisine fran\u00e7aise, avec quelques sp\u00e9cialit\u00e9s d\u2019ailleurs.\" \/>\n<meta name=\"robots\" content=\"index, follow, max-snippet:-1, max-image-preview:large, max-video-preview:-1\" \/>\n<link rel=\"canonical\" href=\"https:\/\/countryclubaixois.com\/tennis-club\/le-club\/le-restaurant\/\" \/>\n<meta property=\"og:locale\" content=\"fr_FR\" \/>\n<meta property=\"og:type\" content=\"article\" \/>\n<meta property=\"og:title\" content=\"Le restaurant du Country Club Aixois\" \/>\n<meta property=\"og:description\" content=\"\u00ab Les Terrasses du Country \u00bb vous propose sa nouvelle carte d\u2019hiver \u2013 un parcours gourmand de la cuisine fran\u00e7aise, avec quelques sp\u00e9cialit\u00e9s d\u2019ailleurs.\" \/>\n<meta property=\"og:url\" content=\"https:\/\/countryclubaixois.com\/tennis-club\/le-club\/le-restaurant\/\" \/>\n<meta property=\"og:site_name\" content=\"Country Club Aixois\" \/>\n<meta property=\"article:publisher\" content=\"https:\/\/www.facebook.com\/p\/Country-Club-Aixois-100063807272380\/?locale=fr_FR\" \/>\n<meta property=\"article:modified_time\" content=\"2026-01-15T14:19:57+00:00\" \/>\n<meta property=\"og:image\" content=\"https:\/\/countryclubaixois.com\/tennis-club\/wp-content\/uploads\/2023\/10\/384557746_1706022533209763_846626886440198528_n-1-1.jpg\" \/>\n\t<meta property=\"og:image:width\" content=\"1512\" \/>\n\t<meta property=\"og:image:height\" content=\"2016\" \/>\n<meta name=\"twitter:card\" content=\"summary_large_image\" \/>\n<meta name=\"twitter:label1\" content=\"Est. reading time\" \/>\n\t<meta name=\"twitter:data1\" content=\"2 minutes\" \/>\n<script type=\"application\/ld+json\" class=\"yoast-schema-graph\">{\"@context\":\"https:\/\/schema.org\",\"@graph\":[{\"@type\":\"Organization\",\"@id\":\"https:\/\/countryclubaixois.com\/tennis-club\/#organization\",\"name\":\"Country Club Aixois\",\"url\":\"https:\/\/countryclubaixois.com\/tennis-club\/\",\"sameAs\":[\"https:\/\/www.facebook.com\/p\/Country-Club-Aixois-100063807272380\/?locale=fr_FR\"],\"logo\":{\"@type\":\"ImageObject\",\"@id\":\"https:\/\/countryclubaixois.com\/tennis-club\/#logo\",\"inLanguage\":\"fr-FR\",\"url\":\"https:\/\/countryclubaixois.com\/tennis-club\/wp-content\/uploads\/2025\/02\/logo_new.png\",\"contentUrl\":\"https:\/\/countryclubaixois.com\/tennis-club\/wp-content\/uploads\/2025\/02\/logo_new.png\",\"width\":150,\"height\":184,\"caption\":\"Country Club Aixois\"},\"image\":{\"@id\":\"https:\/\/countryclubaixois.com\/tennis-club\/#logo\"}},{\"@type\":\"WebSite\",\"@id\":\"https:\/\/countryclubaixois.com\/tennis-club\/#website\",\"url\":\"https:\/\/countryclubaixois.com\/tennis-club\/\",\"name\":\"Country Club Aixois\",\"description\":\"Club de Tennis \\u00e0 Aix en Provence qui compte plus de 850 licenci\\u00e9s, le club de r\\u00e9f\\u00e9rence du tennis en France.\",\"publisher\":{\"@id\":\"https:\/\/countryclubaixois.com\/tennis-club\/#organization\"},\"potentialAction\":[{\"@type\":\"SearchAction\",\"target\":{\"@type\":\"EntryPoint\",\"urlTemplate\":\"https:\/\/countryclubaixois.com\/tennis-club\/?s={search_term_string}\"},\"query-input\":\"required name=search_term_string\"}],\"inLanguage\":\"fr-FR\"},{\"@type\":\"WebPage\",\"@id\":\"https:\/\/countryclubaixois.com\/tennis-club\/le-club\/le-restaurant\/#webpage\",\"url\":\"https:\/\/countryclubaixois.com\/tennis-club\/le-club\/le-restaurant\/\",\"name\":\"Le restaurant du Country Club Aixois\",\"isPartOf\":{\"@id\":\"https:\/\/countryclubaixois.com\/tennis-club\/#website\"},\"datePublished\":\"2014-02-05T15:13:36+00:00\",\"dateModified\":\"2026-01-15T14:19:57+00:00\",\"description\":\"\\u00ab Les Terrasses du Country \\u00bb vous propose sa nouvelle carte d\\u2019hiver \\u2013 un parcours gourmand de la cuisine fran\\u00e7aise, avec quelques sp\\u00e9cialit\\u00e9s d\\u2019ailleurs.\",\"breadcrumb\":{\"@id\":\"https:\/\/countryclubaixois.com\/tennis-club\/le-club\/le-restaurant\/#breadcrumb\"},\"inLanguage\":\"fr-FR\",\"potentialAction\":[{\"@type\":\"ReadAction\",\"target\":[\"https:\/\/countryclubaixois.com\/tennis-club\/le-club\/le-restaurant\/\"]}]},{\"@type\":\"BreadcrumbList\",\"@id\":\"https:\/\/countryclubaixois.com\/tennis-club\/le-club\/le-restaurant\/#breadcrumb\",\"itemListElement\":[{\"@type\":\"ListItem\",\"position\":1,\"name\":\"Home\",\"item\":\"https:\/\/countryclubaixois.com\/tennis-club\/\"},{\"@type\":\"ListItem\",\"position\":2,\"name\":\"Le Club\",\"item\":\"https:\/\/countryclubaixois.com\/tennis-club\/le-club\/\"},{\"@type\":\"ListItem\",\"position\":3,\"name\":\"Le restaurant\"}]}]}<\/script>\n<!-- \/ Yoast SEO plugin. -->","yoast_head_json":{"title":"Le restaurant du Country Club Aixois","description":"\u00ab Les Terrasses du Country \u00bb vous propose sa nouvelle carte d\u2019hiver \u2013 un parcours gourmand de la cuisine fran\u00e7aise, avec quelques sp\u00e9cialit\u00e9s d\u2019ailleurs.","robots":{"index":"index","follow":"follow","max-snippet":"max-snippet:-1","max-image-preview":"max-image-preview:large","max-video-preview":"max-video-preview:-1"},"canonical":"https:\/\/countryclubaixois.com\/tennis-club\/le-club\/le-restaurant\/","og_locale":"fr_FR","og_type":"article","og_title":"Le restaurant du Country Club Aixois","og_description":"\u00ab Les Terrasses du Country \u00bb vous propose sa nouvelle carte d\u2019hiver \u2013 un parcours gourmand de la cuisine fran\u00e7aise, avec quelques sp\u00e9cialit\u00e9s d\u2019ailleurs.","og_url":"https:\/\/countryclubaixois.com\/tennis-club\/le-club\/le-restaurant\/","og_site_name":"Country Club Aixois","article_publisher":"https:\/\/www.facebook.com\/p\/Country-Club-Aixois-100063807272380\/?locale=fr_FR","article_modified_time":"2026-01-15T14:19:57+00:00","og_image":[{"width":1512,"height":2016,"url":"https:\/\/countryclubaixois.com\/tennis-club\/wp-content\/uploads\/2023\/10\/384557746_1706022533209763_846626886440198528_n-1-1.jpg","path":"\/var\/www\/vhosts\/countryclubaixois.com\/httpdocs\/tennis-club\/wp-content\/uploads\/2023\/10\/384557746_1706022533209763_846626886440198528_n-1-1.jpg","size":"full","id":5104,"alt":"","pixels":3048192,"type":"image\/jpeg"}],"twitter_card":"summary_large_image","twitter_misc":{"Est. reading time":"2 minutes"},"schema":{"@context":"https:\/\/schema.org","@graph":[{"@type":"Organization","@id":"https:\/\/countryclubaixois.com\/tennis-club\/#organization","name":"Country Club Aixois","url":"https:\/\/countryclubaixois.com\/tennis-club\/","sameAs":["https:\/\/www.facebook.com\/p\/Country-Club-Aixois-100063807272380\/?locale=fr_FR"],"logo":{"@type":"ImageObject","@id":"https:\/\/countryclubaixois.com\/tennis-club\/#logo","inLanguage":"fr-FR","url":"https:\/\/countryclubaixois.com\/tennis-club\/wp-content\/uploads\/2025\/02\/logo_new.png","contentUrl":"https:\/\/countryclubaixois.com\/tennis-club\/wp-content\/uploads\/2025\/02\/logo_new.png","width":150,"height":184,"caption":"Country Club Aixois"},"image":{"@id":"https:\/\/countryclubaixois.com\/tennis-club\/#logo"}},{"@type":"WebSite","@id":"https:\/\/countryclubaixois.com\/tennis-club\/#website","url":"https:\/\/countryclubaixois.com\/tennis-club\/","name":"Country Club Aixois","description":"Club de Tennis \u00e0 Aix en Provence qui compte plus de 850 licenci\u00e9s, le club de r\u00e9f\u00e9rence du tennis en France.","publisher":{"@id":"https:\/\/countryclubaixois.com\/tennis-club\/#organization"},"potentialAction":[{"@type":"SearchAction","target":{"@type":"EntryPoint","urlTemplate":"https:\/\/countryclubaixois.com\/tennis-club\/?s={search_term_string}"},"query-input":"required name=search_term_string"}],"inLanguage":"fr-FR"},{"@type":"WebPage","@id":"https:\/\/countryclubaixois.com\/tennis-club\/le-club\/le-restaurant\/#webpage","url":"https:\/\/countryclubaixois.com\/tennis-club\/le-club\/le-restaurant\/","name":"Le restaurant du Country Club Aixois","isPartOf":{"@id":"https:\/\/countryclubaixois.com\/tennis-club\/#website"},"datePublished":"2014-02-05T15:13:36+00:00","dateModified":"2026-01-15T14:19:57+00:00","description":"\u00ab Les Terrasses du Country \u00bb vous propose sa nouvelle carte d\u2019hiver \u2013 un parcours gourmand de la cuisine fran\u00e7aise, avec quelques sp\u00e9cialit\u00e9s d\u2019ailleurs.","breadcrumb":{"@id":"https:\/\/countryclubaixois.com\/tennis-club\/le-club\/le-restaurant\/#breadcrumb"},"inLanguage":"fr-FR","potentialAction":[{"@type":"ReadAction","target":["https:\/\/countryclubaixois.com\/tennis-club\/le-club\/le-restaurant\/"]}]},{"@type":"BreadcrumbList","@id":"https:\/\/countryclubaixois.com\/tennis-club\/le-club\/le-restaurant\/#breadcrumb","itemListElement":[{"@type":"ListItem","position":1,"name":"Home","item":"https:\/\/countryclubaixois.com\/tennis-club\/"},{"@type":"ListItem","position":2,"name":"Le Club","item":"https:\/\/countryclubaixois.com\/tennis-club\/le-club\/"},{"@type":"ListItem","position":3,"name":"Le restaurant"}]}]}},"_links":{"self":[{"href":"https:\/\/countryclubaixois.com\/tennis-club\/wp-json\/wp\/v2\/pages\/88","targetHints":{"allow":["GET"]}}],"collection":[{"href":"https:\/\/countryclubaixois.com\/tennis-club\/wp-json\/wp\/v2\/pages"}],"about":[{"href":"https:\/\/countryclubaixois.com\/tennis-club\/wp-json\/wp\/v2\/types\/page"}],"author":[{"embeddable":true,"href":"https:\/\/countryclubaixois.com\/tennis-club\/wp-json\/wp\/v2\/users\/1"}],"replies":[{"embeddable":true,"href":"https:\/\/countryclubaixois.com\/tennis-club\/wp-json\/wp\/v2\/comments?post=88"}],"version-history":[{"count":1,"href":"https:\/\/countryclubaixois.com\/tennis-club\/wp-json\/wp\/v2\/pages\/88\/revisions"}],"predecessor-version":[{"id":7171,"href":"https:\/\/countryclubaixois.com\/tennis-club\/wp-json\/wp\/v2\/pages\/88\/revisions\/7171"}],"up":[{"embeddable":true,"href":"https:\/\/countryclubaixois.com\/tennis-club\/wp-json\/wp\/v2\/pages\/7"}],"wp:attachment":[{"href":"https:\/\/countryclubaixois.com\/tennis-club\/wp-json\/wp\/v2\/media?parent=88"}],"wp:term":[{"taxonomy":"category","embeddable":true,"href":"https:\/\/countryclubaixois.com\/tennis-club\/wp-json\/wp\/v2\/categories?post=88"},{"taxonomy":"post_tag","embeddable":true,"href":"https:\/\/countryclubaixois.com\/tennis-club\/wp-json\/wp\/v2\/tags?post=88"}],"curies":[{"name":"wp","href":"https:\/\/api.w.org\/{rel}","templated":true}]}}